05 (base 10) to base 3
-11022012020
What is 192 (base 11) in base 4?
3132
-200 (base 16) to base 11
-426
-405 (base 12) to base 3
-210112
Convert 4ab (base 16) to base 11.
997
What is 21421 (base 5) in base 13?
8a4
Convert 2000222112 (base 3) to base 5.
2240312
2020220011 (base 3) to base 4
22311220
Convert -20082 (base 10) to base 6.
-232550
76d0 (base 14) to base 2
101000001010110
What is -40102 (base 6) in base 16?
-1466
12013 (base 6) to base 8
3311
What is -b693 (base 14) in base 4?
-13230001
Convert 221444 (base 5) to base 15.
2469
What is 527 (base 10) in base 7?
1352
Convert -5184 (base 11) to base 7.
-26011
Convert -10110001001 (base 2) to base 12.
-9a1
Convert -425 (base 8) to base 2.
-100010101
Convert -7343 (base 11) to base 12.
-5767
Convert -8533 (base 10) to base 9.
-12631
What is 207d (base 15) in base 3?
100102101
Convert 297 (base 15) to base 6.
2424
What is 4a43 (base 12) in base 16?
20d3
Convert 43975 (base 10) to base 15.
d06a
607 (base 10) to base 7
1525
41 (base 11) to base 12
39
Convert 34686 (base 9) to base 11.
16448
What is -4205 (base 7) in base 3?
-2000122
-2242 (base 5) to base 16
-142
Convert -214 (base 10) to base 11.
-185
What is -4445 (base 6) in base 14?
-541
Convert -246 (base 7) to base 2.
-10000100
1b82 (base 14) to base 7
20422
-11322131 (base 4) to base 14
-8b81
Convert -28879 (base 11) to base 5.
-2302414
What is -153 (base 14) in base 15?
-12e
Convert -4895 (base 12) to base 15.
-2652
What is 1b11 (base 12) in base 10?
3325
Convert 232333 (base 4) to base 12.
18a7
Convert 6615 (base 10) to base 9.
10060
346 (base 10) to base 5
2341
What is -2224 (base 6) in base 7?
-1342
What is 2435 (base 6) in base 16?
257
What is -214461 (base 7) in base 5?
-2201001
Convert 12200120 (base 3) to base 5.
113041
What is 41441 (base 5) in base 7?
11002
What is -41a7 (base 12) in base 2?
-1110000001111
-1626 (base 16) to base 9
-7700
-102011 (base 3) to base 9
-364
385 (base 15) to base 9
1078
Convert -211333 (base 4) to base 2.
-100101111111
What is 24513 (base 11) in base 15?
a685
-3411 (base 5) to base 2
-111100001
Convert -100a9 (base 12) to base 10.
-20865
What is 24c (base 15) in base 16?
20a
What is 9b4 (base 13) in base 5?
23133
Convert a475 (base 12) to base 3.
220121122
Convert 11111000 (base 2) to base 10.
248
Convert -12422 (base 5) to base 16.
-3db
What is 10213 (base 8) in base 10?
4235
Convert 1133024 (base 5) to base 9.
31738
What is 10001001000101 (base 2) in base 16?
2245
What is -647 (base 8) in base 13?
-267
Convert 14570 (base 8) to base 4.
1211320
What is -214 (base 6) in base 13?
-64
Convert -22123120 (base 4) to base 9.
-64527
Convert 398a (base 13) to base 11.
61a9
Convert -15262 (base 7) to base 5.
-114013
What is 110110100 (base 2) in base 11?
367
What is -185 (base 9) in base 5?
-1113
Convert -25022 (base 7) to base 8.
-14605
1394 (base 13) to base 5
42300
What is -4851 (base 10) in base 12?
-2983
10332 (base 6) to base 10
1424
Convert -11223330 (base 4) to base 11.
-16555
-111001100 (base 2) to base 10
-460
Convert -6a24 (base 11) to base 7.
-35613
42213 (base 6) to base 4
1121001
Convert -308 (base 10) to base 7.
-620
-66d2 (base 14) to base 2
-100010110100000
What is -100010000000101 (base 2) in base 6?
-212341
-203 (base 15) to base 14
-245
-11 (base 6) to base 5
-12
Convert 340 (base 12) to base 14.
264
Convert 101102001 (base 3) to base 13.
35b9
-e1b1 (base 15) to base 4
-23220121
What is 5855 (base 10) in base 12?
347b
-3a (base 11) to base 10
-43
Convert -11211 (base 4) to base 14.
-1b7
-1001000001011 (base 2) to base 7
-16316
120012000 (base 3) to base 2
10101100111110
What is -503 (base 13) in base 8?
-1520
Convert -225622 (base 7) to base 14.
-10a49
What is 204134 (base 5) in base 15?
202e
What is -58fd (base 16) in base 15?
-6b3b
10143 (base 11) to base 9
22274
What is -1346 (base 11) in base 13?
-a42
-1054 (base 10) to base 6
-4514
-2611 (base 9) to base 7
-5461
What is 12440 (base 6) in base 10?
1896
Convert a9 (base 16) to base 5.
1134
-14404 (base 9) to base 5
-303210
What is 752 (base 10) in base 2?
1011110000
1200311 (base 4) to base 2
1100000110101
1200 (base 9) to base 8
1573
1614 (base 8) to base 3
1020122
-1421 (base 6) to base 7
-1042
What is -128 (base 9) in base 3?
-10222
Convert 1104 (base 12) to base 11.
1456
33033 (base 6) to base 15
153c
Convert -11526 (base 12) to base 14.
-8662
What is -8a89 (base 13) in base 14?
-70c3
What is 582 (base 9) in base 10?
479
Convert -9dd (base 14) to base 11.
-1521
What is 21010121 (base 3) in base 4?
1101100
-1022331 (base 4) to base 16
-12bd
-12213 (base 5) to base 8
-1645
Convert -5201 (base 6) to base 3.
-1120201
Convert 202020221 (base 3) to base 16.
39af
101000111001 (base 2) to base 5
40432
What is -ce5 (base 15) in base 2?
-101101100011
What is -2213 (base 6) in base 11?
-427
What is -216130 (base 7) in base 3?
-1221022201
What is 21212220 (base 3) in base 11?
4356
Convert -13023 (base 5) to base 16.
-3f5
Convert 300 (base 6) to base 5.
413
-408 (base 15) to base 5
-12113
Convert 2043210 (base 5) to base 12.
17944
Convert 2bb (base 13) to base 2.
111101100
34b (base 14) to base 10
655
Convert 64 (base 15) to base 9.
114
What is -922 (base 15) in base 7?
-5666
210 (base 6) to base 11
71
What is 296 (base 13) in base 6?
2045
5015 (base 7) to base 9
2328
234c (base 15) to base 12
4409
What is -225323 (base 7) in base 8?
-116547
-34204 (base 6) to base 13
-2275
Convert 14d1 (base 16) to base 9.
7271
3340 (base 5) to base 3
122102
What is -1200 (base 6) in base 10?
-288
5924 (base 10) to base 9
8112
What is -53061 (base 7) in base 12?
-7699
-259 (base 13) to base 7
-1126
What is -3d9 (base 16) in base 4?
-33121
Convert -1745 (base 13) to base 10.
-3437
What is -1003 (base 4) in base 2?
-1000011
What is -1221 (base 3) in base 5?
-202
Convert 242341 (base 5) to base 13.
41a9
Convert -2131 (base 5) to base 13.
-195
Convert 2013113 (base 4) to base 13.
3c35
-13206 (base 12) to base 15
-7b79
Convert 43550 (base 7) to base 9.
15865
Convert -2146 (base 16) to base 10.
-8518
-51b4 (base 13) to base 12
-6659
What is -11001000101 (base 2) in base 7?
-4452
Convert -36461 (base 8) to base 2.
-11110100110001
What is 122212 (base 3) in base 11?
3a9
What is 11226 (base 7) in base 16?
b2e
Convert 31b (base 15) to base 7.
2021
What is -2aa (base 13) in base 9?
-581
What is 101210001 (base 3) in base 8?
17262
Convert -1b45b (base 12) to base 3.
-2001101222
-155 (base 16) to base 8
-525
Convert 1110010000110 (base 2) to base 14.
2938
Convert 1134 (base 10) to base 15.
509
What is 1262 (base 15) in base 12?
2325
Convert -132 (base 4) to base 13.
-24
1899 (base 14) to base 16
115f
What is -1441441 (base 5) in base 12?
-15a47
1423000 (base 5) to base 15
8c35
Convert -671 (base 8) to base 2.
-110111001
What is 212203 (base 4) in base 5?
34332
-1aa7 (base 12) to base 6
-23131
What is 38c (base 13) in base 2?
1001101111
-101010 (base 2) to base 15
-2c
What is -205 (base 8) in base 9?
-157
Convert 20861 (base 11) to base 3.
1112120212
-1340 (base 5) to base 9
-264
Convert -151322 (base 6) to base 2.
-11100100000010
3600 (base 9) to base 7
10536
Convert -3793 (base 11) to base 5.
-124232
What is 3553 (base 9) in base 2?
101001010000
Convert -121312 (base 4) to base 12.
-b5a
What is -54071 (base 9) in base 8?
-105711
-318 (base 15) to base 11
-585
-8198 (base 15) to base 16
-6ae8
Convert -733d (base 15) to base 8.
-57446
Convert -810 (base 9) to base 11.
-548
Convert -21 (base 6) to base 5.
-23
Convert 1011010101 (base 2) to base 6.
3205
-22089 (base 12) to base 10
-45033
What is -3033032 (base 4) in base 11?
-9a67
-110331 (base 4) to base 8
-2475
Convert -34465 (base 7) to base 5.
-240233
What is -aa (base 15) in base 16?
-a0
Convert -15055 (base 6) to base 5.
-34121
What is -61787 (base 10) in base 13?
-2217b
What is -12323 (base 4) in base 8?
-673
-54e6 (base 15) to base 8
-43107
What is -2065 (base 15) in base 11?
-5163
What is -11375 (base 8) in base 6?
-34301
Convert 33789 (base 11) to base 5.
3030420
-150145 (base 6) to base 3
-201122102
3b57 (base 12) to base 9
10334
21 (base 3) to base 14
7
Convert 1101000000 (base 2) to base 7.
2266
What is 201 (base 8) in base 9?
153
10122221 (base 3) to base 6
20211
-1523 (base 8) to base 2
-1101010011
What